74?
4
What is the units digit of 168345802?
2
What is the hundreds digit of 80118595?
5
What is the hundred thousands digit of 28902579?
9
What is the millions digit of 85998258?
5
What is the hundreds digit of 3523039259?
2
What is the tens digit of 650892355?
5
What is the ten thousands digit of 1193596485?
9
What is the hundreds digit of 18340689?
6
What is the thousands digit of 93641424?
1
What is the thousands digit of 85158977?
8
What is the tens digit of 19941489?
8
What is the ten millions digit of 33642427?
3
What is the ten thousands digit of 38517438?
1
What is the tens digit of 188693567?
6
What is the hundreds digit of 3413031773?
7
What is the units digit of 70792026?
6
What is the tens digit of 7017197?
9
What is the hundreds digit of 158728142?
1
What is the units digit of 58207895?
5
What is the tens digit of 1144989889?
8
What is the tens digit of 88110982?
8
What is the tens digit of 24324332?
3
What is the ten thousands digit of 3896190793?
9
What is the ten thousands digit of 320882583?
8
What is the millions digit of 189444082?
9
What is the units digit of 103398154?
4
What is the hundred thousands digit of 22879849?
8
What is the tens digit of 61409848?
4
What is the ten thousands digit of 1692191840?
9
What is the ten thousands digit of 26735506?
3
What is the billions digit of 1159339085?
1
What is the hundreds digit of 124145572?
5
What is the hundred thousands digit of 3336152732?
1
What is the ten thousands digit of 46134578?
3
What is the hundreds digit of 36321835?
8
What is the thousands digit of 335452030?
2
What is the units digit of 5748750299?
9
What is the ten thousands digit of 259829739?
2
What is the tens digit of 59920939?
3
What is the thousands digit of 1690874871?
4
What is the thousands digit of 3324959273?
9
What is the units digit of 58296800?
0
What is the ten thousands digit of 1654413148?
1
What is the tens digit of 152960231?
3
What is the units digit of 240635446?
6
What is the thousands digit of 258020985?
0
What is the tens digit of 668571640?
4
What is the hundred thousands digit of 38023799?
0
What is the ten millions digit of 56868777?
5
What is the hundred millions digit of 5617206885?
6
What is the hundred millions digit of 2093714814?
0
What is the units digit of 74234091?
1
What is the hundred thousands digit of 3639932177?
9
What is the tens digit of 419496313?
1
What is the millions digit of 17673555?
7
What is the millions digit of 758252494?
8
What is the thousands digit of 274751058?
1
What is the units digit of 157974136?
6
What is the billions digit of 6599591959?
6
What is the hundred thousands digit of 3051202083?
2
What is the billions digit of 1345178005?
1
What is the millions digit of 921988002?
1
What is the hundreds digit of 39373030?
0
What is the hundreds digit of 5530312?
3
What is the ten thousands digit of 10036793?
3
What is the tens digit of 63792992?
9
What is the units digit of 49465254?
4
What is the tens digit of 335039831?
3
What is the units digit of 5248450178?
8
What is the thousands digit of 20269676?
9
What is the millions digit of 348027072?
8
What is the ten millions digit of 2713505222?
1
What is the tens digit of 4586066?
6
What is the ten thousands digit of 118847085?
4
What is the thousands digit of 52820014?
0
What is the millions digit of 135584862?
5
What is the tens digit of 22223049?
4
What is the hundred thousands digit of 54593565?
5
What is the millions digit of 141309600?
1
What is the millions digit of 144792422?
4
What is the hundred thousands digit of 461065968?
0
What is the hundred thousands digit of 124829847?
8
What is the units digit of 1614619250?
0
What is the billions digit of 1214849755?
1
What is the tens digit of 1981847?
4
What is the ten thousands digit of 906632594?
3
What is the hundreds digit of 141133148?
1
What is the units digit of 134978301?
1
What is the billions digit of 5999143010?
5
What is the hundreds digit of 4605959522?
5
What is the billions digit of 1803793490?
1
What is the hundred millions digit of 2065703628?
0
What is the hundreds digit of 50941166?
1
What is the ten thousands digit of 42297963?
9
What is the tens digit of 1070156001?
0
What is the tens digit of 67200782?
8
What is the ten millions digit of 666564275?
6
What is the ten thousands digit of 123281278?
8
What is the hundreds digit of 90618280?
2
What is the units digit of 82950760?
0
What is the billions digit of 1049543916?
1
What is the hundreds digit of 15588864?
8
What is the ten thousands digit of 248523759?
2
What is the hundred thousands digit of 98159722?
1
What is the hundreds digit of 397674716?
7
What is the ten millions digit of 84181231?
8
What is the thousands digit of 1715855242?
5
What is the ten millions digit of 4877361375?
7
What is the ten millions digit of 4058009069?
5
What is the thousands digit of 18461720?
1
What is the thousands digit of 124452719?
2
What is the ten thousands digit of 43801191?
0
What is the thousands digit of 3199166524?
6
What is the thousands digit of 222083461?
3
What is the ten millions digit of 93058863?
9
What is the hundreds digit of 218070520?
5
What is the ten millions digit of 103060127?
0
What is the units digit of 562716305?
5
What is the tens digit of 195977034?
3
What is the hundreds digit of 56734277?
2
What is the billions digit of 1066264260?
1
What is the hundreds digit of 1393442602?
6
What is the ten millions digit of 67873353?
6
What is the units digit of 4370085867?
7
What is the millions digit of 1881890278?
1
What is the ten thousands digit of 445155384?
5
What is the tens digit of 394371474?
7
What is the hundred thousands digit of 27730569?
7
What is the ten millions digit of 6145326468?
4
What is the ten thousands digit of 51553610?
5
What is the hundreds digit of 1441845599?
5
What is the hundred thousands digit of 1055910461?
9
What is the hundred thousands digit of 68450056?
4
What is the hundred thousands digit of 1091439777?
4
What is the hundreds digit of 90716048?
0
What is the thousands digit of 1969141488?
1
What is the hundred thousands digit of 69589408?
5
What is the units digit of 973175564?
4
What is the tens digit of 5209933540?
4
What is the units digit of 196473673?
3
What is the units digit of 155214703?
3
What is the hundreds digit of 80020694?
6
What is the tens digit of 77110831?
3
What is the ten millions digit of 35935707?
3
What is the billions digit of 1056420179?
1
What is the millions digit of 3448840368?
8
What is the hundreds digit of 1895569256?
2
What is the tens digit of 2484643434?
3
What is the ten thousands digit of 234636362?
3
What is the tens digit of 91174055?
5
What is the millions digit of 666003262?
6
What is the units digit of 69275899?
9
What is the hundred millions digit of 458763999?
4
What is the ten thousands digit of 1210816831?
1
What is the hundred thousands digit of 360902287?
9
What is the thousands digit of 626261088?
1
What is the billions digit of 1501999773?
1
What is the hundreds digit of 1899012831?
8
What is the hundreds digit of 74658165?
1
What is the hundred thousands digit of 228419841?
4
What is the hundred thousands digit of 150576402?
5
What is the ten thousands digit of 38599387?
9
What is the hundred millions digit of 509343201?
5
What is the units digit of 7264391?
1
What is the billions digit of 6880708424?
6
What is the hundred millions digit of 2936875672?
9
What is the thousands digit of 705460947?
0
What is the ten thousands digit of 693438740?
3
What is the hundreds digit of 20468303?
3
What is the tens digit of 78802330?
3
What is the ten thousands digit of 96183244?
8
What is the units digit of 131129?
9
What is the millions digit of 98993941?
8
What is the ten millions digit of 13480024?
1
What is the hundreds digit of 2617760836?
8
What is the hundreds digit of 42320900?
9
What is the ten thousands digit of 2521353480?
5
What is the hundreds digit of 68221680?
6
What is the thousands digit of 636843162?
3
What is the tens digit of 132199738?
3
What is the hundreds digit of 262638997?
9
What is the units digit of 75605149?
9
What is the ten millions digit of 406655472?
0
What is the hundreds digit of 426318242?
2
What is the units digit of 17726841?
1
What is the tens digit of 36766742?